
20
What is the greatest common divisor of 4308 and 12?
12
Calculate the highest common factor of 231 and 66.
33
Calculate the highest common factor of 157 and 19939.
157
What is the highest common divisor of 2993 and 41?
41
What is the greatest common divisor of 8520 and 60?
60
Calculate the greatest common factor of 595 and 105.
35
Calculate the highest common factor of 7280 and 336.
112
What is the highest common divisor of 28 and 9268?
28
Calculate the greatest common factor of 2943 and 27.
27
What is the greatest common divisor of 6 and 10?
2
What is the greatest common divisor of 396 and 9?
9
What is the greatest common factor of 910 and 280?
70
What is the greatest common factor of 18036 and 108?
108
What is the highest common divisor of 176 and 1188?
44
Calculate the highest common divisor of 2323 and 1111.
101
Calculate the greatest common factor of 4780 and 20.
20
What is the highest common divisor of 40 and 640?
40
Calculate the highest common divisor of 46 and 736.
46
Calculate the highest common factor of 8 and 14264.
8
What is the greatest common factor of 2277 and 36?
9
What is the highest common divisor of 8937 and 27?
27
What is the highest common divisor of 28 and 8?
4
Calculate the highest common divisor of 18537 and 111.
111
Calculate the greatest common factor of 20 and 95.
5
What is the greatest common factor of 444 and 16?
4
Calculate the highest common divisor of 700 and 400.
100
What is the highest common factor of 12 and 2?
2
What is the highest common factor of 649 and 165?
11
What is the highest common factor of 103 and 17?
1
What is the greatest common divisor of 18 and 33?
3
What is the highest common factor of 620 and 15?
5
Calculate the greatest common divisor of 7 and 119.
7
What is the greatest common divisor of 8 and 19?
1
Calculate the greatest common factor of 3530 and 110.
10
Calculate the highest common factor of 246 and 30.
6
What is the greatest common factor of 28 and 63?
7
Calculate the greatest common factor of 2601 and 18.
9
What is the greatest common divisor of 51 and 1054?
17
Calculate the highest common divisor of 2079 and 1701.
189
Calculate the highest common factor of 119 and 510.
17
Calculate the highest common divisor of 246 and 12.
6
Calculate the highest common divisor of 20 and 180.
20
What is the greatest common divisor of 6 and 174?
6
Calculate the greatest common divisor of 38024 and 14.
14
What is the greatest common divisor of 15652 and 42?
14
Calculate the highest common factor of 672 and 21.
21
What is the greatest common divisor of 3050 and 100?
50
What is the greatest common factor of 44 and 3148?
4
Calculate the greatest common factor of 255 and 306.
51
What is the highest common factor of 1199 and 1853?
109
Calculate the greatest common factor of 1044 and 72.
36
What is the greatest common factor of 552 and 96?
24
Calculate the highest common divisor of 1148 and 28.
28
What is the highest common factor of 55 and 165?
55
Calculate the highest common factor of 96 and 108.
12
Calculate the highest common factor of 2 and 149.
1
Calculate the greatest common factor of 4 and 316.
4
Calculate the greatest common divisor of 1378 and 26.
26
Calculate the greatest common divisor of 741 and 273.
39
What is the highest common factor of 42 and 5733?
21
Calculate the highest common divisor of 143 and 88.
11
What is the highest common divisor of 64 and 176?
16
Calculate the greatest common divisor of 336 and 266.
14
What is the highest common divisor of 147 and 273?
21
Calculate the highest common factor of 56 and 37912.
56
Calculate the highest common factor of 700 and 980.
140
Calculate the greatest common factor of 376 and 2726.
94
What is the greatest common divisor of 133 and 63?
7
Calculate the greatest common divisor of 2800 and 3325.
175
What is the greatest common factor of 2759 and 31?
31
What is the greatest common factor of 384 and 24?
24
What is the highest common factor of 32 and 9328?
16
What is the highest common divisor of 95 and 513?
19
What is the greatest common divisor of 14 and 6?
2
Calculate the highest common divisor of 2752 and 1856.
64
What is the greatest common factor of 259 and 148?
37
What is the highest common divisor of 13 and 871?
13
What is the highest common factor of 34 and 2278?
34
Calculate the greatest common factor of 864 and 96.
96
Calculate the greatest common factor of 24 and 228.
12
What is the greatest common factor of 19 and 1121?
19
What is the highest common factor of 11 and 5654?
11
Calculate the greatest common divisor of 153 and 85.
17
What is the greatest common divisor of 69 and 483?
69
What is the greatest common divisor of 96 and 9?
3
Calculate the highest common factor of 60 and 4.
4
What is the greatest common factor of 8 and 62?
2
What is the greatest common divisor of 1056 and 272?
16
What is the greatest common divisor of 8905 and 325?
65
What is the greatest common factor of 30 and 45?
15
What is the highest common divisor of 1085 and 70?
35
What is the greatest common factor of 113 and 3?
1
What is the greatest common divisor of 43 and 15781?
43
What is the greatest common factor of 1304 and 56?
8
What is the highest common factor of 540 and 1314?
18
Calculate the highest common divisor of 760 and 40.
40
What is the highest common divisor of 117 and 576?
9
What is the greatest common divisor of 90 and 213?
3
What is the greatest common divisor of 49 and 343?
49
Calculate the greatest common divisor of 2420 and 80.
20
Calculate the greatest common factor of 36 and 684.
36
What is the highest common divisor of 42 and 357?
21
What is the greatest common factor of 64 and 8?
8
What is the highest common factor of 25 and 5015?
5
What is the greatest common divisor of 1216 and 152?
152
Calculate the highest common divisor of 1503 and 18.
9
What is the highest common divisor of 7384 and 312?
104
What is the greatest common factor of 584 and 8?
8
What is the greatest common factor of 1065 and 315?
15
What is the highest common factor of 104 and 2132?
52
What is the highest common factor of 245 and 10?
5
What is the greatest common divisor of 273 and 63?
21
Calculate the highest common divisor of 2911 and 41.
41
Calculate the highest common factor of 3230 and 760.
190
What is the greatest common factor of 2223 and 143?
13
What is the highest common divisor of 9 and 18?
9
Calculate the highest common divisor of 529 and 46.
23
What is the highest common divisor of 90 and 1215?
45
Calculate the greatest common divisor of 1295 and 70.
35
What is the greatest common divisor of 112 and 3728?
16
Calculate the greatest common factor of 18752 and 512.
64
Calculate the greatest common factor of 2480 and 4216.
248
What is the highest common divisor of 175 and 16975?
175
Calculate the greatest common divisor of 280 and 1015.
35
Calculate the highest common factor of 285 and 2052.
57
Calculate the greatest common divisor of 45 and 3765.
15
What is the greatest common divisor of 17 and 799?
17
Calculate the highest common factor of 2249 and 1384.
173
What is the greatest common divisor of 682 and 62?
62
What is the greatest common factor of 7 and 17?
1
Calculate the highest common factor of 10 and 40.
10
Calculate the highest common divisor of 100 and 160.
20
What is the highest common divisor of 31 and 961?
31
Calculate the greatest common divisor of 169 and 624.
13
Calculate the greatest common divisor of 14345 and 95.
95
What is the highest common divisor of 3818 and 1162?
166
Calculate the greatest common divisor of 2101 and 33.
11
Calculate the greatest common divisor of 44 and 64.
4
Calculate the highest common factor of 19 and 57.
19
What is the highest common divisor of 7 and 15421?
7
What is the highest common divisor of 21942 and 212?
106
Calculate the greatest common factor of 399 and 38.
19
What is the greatest common divisor of 318 and 282?
6
What is the highest common divisor of 370 and 30?
10
What is the highest common divisor of 65 and 793?
13
Calculate the greatest common factor of 50 and 275.
25
What is the highest common factor of 6816 and 24?
24
What is the highest common divisor of 17 and 1?
1
What is the greatest common divisor of 14061 and 258?
129
Calculate the highest common divisor of 431 and 8.
1
What is the greatest commo